ue
Is 2906097 composite?
True
Is 10421 a prime number?
False
Is 313107 composite?
True
Is 361061 a composite number?
True
Is 46807 prime?
True
Is 264349 prime?
True
Is 38933 prime?
True
Is 31139 a composite number?
False
Is 377189 prime?
False
Is 141397 composite?
False
Is 511051 a prime number?
False
Is 2077 composite?
True
Is 88169 a prime number?
True
Is 223 a composite number?
False
Is 496999 a composite number?
False
Is 67441 composite?
True
Is 665713 a composite number?
False
Is 42447 a prime number?
False
Is 15569 composite?
False
Is 193067 a composite number?
True
Is 64781 a composite number?
False
Is 461479 a prime number?
True
Is 115243 a prime number?
False
Is 124585 prime?
False
Is 20849 a composite number?
False
Is 2611 composite?
True
Is 84649 a composite number?
False
Is 835097 a prime number?
True
Is 102859 composite?
False
Is 113933 composite?
False
Is 47791 composite?
False
Is 2333 prime?
True
Is 14761 a composite number?
True
Is 324959 prime?
False
Is 242249 a composite number?
True
Is 176699 composite?
False
Is 1861 a prime number?
True
Is 921 prime?
False
Is 3659 prime?
True
Is 10793 composite?
True
Is 170413 prime?
True
Is 1809101 composite?
True
Is 22141 composite?
True
Is 53353 a prime number?
True
Is 759073 composite?
True
Is 18101 a prime number?
False
Is 75749 a prime number?
False
Is 975097 a composite number?
True
Is 29343 a composite number?
True
Is 168754 a prime number?
False
Is 8871 a composite number?
True
Is 1542737 a prime number?
False
Is 6899 a composite number?
False
Is 3664279 prime?
True
Is 4889 a composite number?
False
Is 173573 a composite number?
False
Is 231529 a composite number?
False
Is 4574 a composite number?
True
Is 151406 a prime number?
False
Is 9511 a composite number?
False
Is 1793 a composite number?
True
Is 466807 a prime number?
False
Is 141539 composite?
False
Is 19841 a composite number?
False
Is 1043 a prime number?
False
Is 41299 prime?
True
Is 362243 a prime number?
False
Is 273881 composite?
False
Is 11677 prime?
True
Is 421783 a composite number?
False
Is 26981 a prime number?
True
Is 195433 prime?
False
Is 92303 a composite number?
True
Is 103811 a composite number?
False
Is 181081 prime?
True
Is 6899 composite?
False
Is 162187 composite?
True
Is 5981 composite?
False
Is 1874699 a composite number?
False
Is 217405 a prime number?
False
Is 28007 composite?
True
Is 224819 composite?
True
Is 60355 prime?
False
Is 4547 a prime number?
True
Is 2038 a prime number?
False
Is 1814 a composite number?
True
Is 9662 prime?
False
Is 709729 prime?
True
Is 185947 prime?
True
Is 259907 composite?
False
Is 10427 a composite number?
False
Is 352243 a prime number?
False
Is 52166 composite?
True
Is 40801 a composite number?
False
Is 158623 a composite number?
True
Is 124633 a composite number?
False
Is 290801 composite?
True
Is 5737 a prime number?
True
Is 551281 prime?
True
Is 13667 a composite number?
True
Is 22201 composite?
True
Is 140467 prime?
False
Is 43261 prime?
True
Is 26237 composite?
False
Is 4481 a prime number?
True
Is 145991 a composite number?
False
Is 102137 composite?
True
Is 1065431 a prime number?
False
Is 260557 prime?
False
Is 122201 a prime number?
True
Is 65761 composite?
False
Is 21431 composite?
True
Is 9263 a prime number?
False
Is 37462 prime?
False
Is 183437 prime?
True
Is 6769 composite?
True
Is 39799 a prime number?
True
Is 1199 a prime number?
False
Is 17585 composite?
True
Is 421397 a composite number?
False
Is 1360729 composite?
False
Is 30757 a prime number?
True
Is 48073 a composite number?
False
Is 5305 prime?
False
Is 3873 a composite number?
True
Is 20017 prime?
False
Is 113541 a prime number?
False
Is 227521 a composite number?
True
Is 691045 composite?
True
Is 44777 a composite number?
False
Is 187505 composite?
True
Is 21621 composite?
True
Is 8491 a composite number?
True
Is 1906 a prime number?
False
Is 829 a composite number?
False
Is 82699 a prime number?
True
Is 2453 a prime number?
False
Is 1274891 composite?
True
Is 241221 a prime number?
False
Is 336533 prime?
True
Is 745379 a prime number?
True
Is 14167 a composite number?
True
Is 81329 a prime number?
False
Is 52609 a prime number?
True
Is 128747 prime?
True
Is 392318 a composite number?
True
Is 149297 prime?
True
Is 4327 a prime number?
True
Is 15511 a composite number?
False
Is 37381 composite?
True
Is 7817 a composite number?
False
Is 728353 a prime number?
False
Is 13831 prime?
True
Is 431 composite?
False
Is 82457 composite?
False
Is 1111993 a prime number?
False
Is 13771 prime?
False
Is 454855 a prime number?
False
Is 1847 composite?
False
Is 35539 prime?
False
Is 207695 composite?
True
Is 139397 a prime number?
True
Is 377051 a composite number?
False
Is 32729 prime?
False
Is 65319 composite?
True
Is 6245743 prime?
False
Is 8081 a prime number?
True
Is 218539 a prime number?
False
Is 1733 a prime number?
True
Is 1163 a composite number?
False
Is 147623 a composite number?
True
Is 1278419 a composite number?
False
Is 49613 a prime number?
True
Is 527 a composite number?
True
Is 632711 a prime number?
False
Is 93801 a prime number?
False
Is 210077 a composite number?
True
Is 227203 prime?
False
Is 123421 a composite number?
True
Is 259117 composite?
True
Is 2761 composite?
True
Is 22249 prime?
False
Is 48419 prime?
False
Is 3037 composite?
False
Is 17817 composite?
True
Is 11273 a composite number?
False
Is 18622 a composite number?
True
Is 191365 prime?
False
Is 359851 a composite number?
False
Is 2307 a prime number?
False
Is 417754 a prime number?
False
Is 2559703 a composite number?
False
Is 25177 a prime number?
False
Is 3173 composite?
True
Is 11255 a prime number?
False
Is 425189 a prime number?
True
Is 321943 prime?
False
Is 12323 composite?
False
Is 50293 a prime number?
False
Is 9091 a prime number?
True
Is 623 a composite number?
True
Is 5557 a prime number?
True
Is 46853 a prime number?
True
Is 81097 composite?
False
Is 21891 prime?
False
Is 362819 prime?
False
Is 145059 prime?
False
Is 1293 composite?
True
Is 1147921 composite?
False
Is 6469 composite?
False
Is 290083 composite?
False
Is 80309 composite?
False
Is 160261 composite?
True
Is 19447 a composite number?
False
Is 197711 prime?
True
Is 130699 composite?
False
Is 82667 prime?
False
Is 3383 prime?
False
Is 2503 a prime number?
True
Is 3611 a prime number?
False
Is 394629 prime?
False
Is 1219 composite?
True
Is 1795 composite?
True
Is 42037 prime?
False
Is 4987 composite?
False
Is 84589 a prime number?
True
Is 5114 a composite number?
True
Is 5909 prime?
False
Is 437189 prime?
False
Is 603619 a prime number?
False
Is 283211 prime?
True
Is 34459 a prime number?
False
Is 35023 a prime number?
True
Is 30211 composite?
False
Is 700045 a composite number?
True
Is 45817 composite?
False
Is 84433 composite?
True
Is 5091 a prime number?
False
Is 21751 prime?
True
Is 29603 a composite number?
True
Is 83773 prime?
True
Is 2939 composite?
False
Is 3499 composite?
False
Is 395671 prime?
True
Is 257227 a composite number?
True
Is 113683 a prime number?
True
Is 142687 composite?
True
Is 440893 a prime number?
True
Is 37831 a composite number?
False
Is 11255 a prime number?
False
Is 56579 a prime number?
False
Is 24391 a composite number?
False
Is 7169 prime?
False
Is 6259691 prime?
True
Is 79721 prime?
False
Is 9953 a composite number?
True
Is 267005 a prime number?
False
Is 1245899 composite?
True
Is 201257 a composite number?
True
Is 22679 composite?
False
Is 218191 a prime number?
True
Is 37423 a prime number?
True
Is 397 a prime number?
True
Is 53549 composite?
False
Is 257627 prime?
True
Is 163217 composite?
True
Is 189179 composite?
True
Is 22961 a composite number?
False
Is 45361 composite?
False
Is 1301779 a prime number?
True
Is 1259 prime?
True
Is 19043 a prime number?
False
Is 2914577 a prime number?
True
Is 805295 a prime number?
False
Is 3495671 composite?
True
Is 217307 prime?
True
Is 37463 prime?
True
Is 1161759 a composite number?
True
Is 863553 a prime number?
False
Is 7621 a composite number?
False
Is 11851 a composite number?
True
Is 501 a prime number?
False
Is 127265 a composite number?
True
Is 55067 a prime number?
False
Is 1273289 a composite number?
False
Is 4586 a prime number?
False
Is 5483 a composite n